{"id":17,"date":"2021-02-09T13:17:02","date_gmt":"2021-02-09T13:17:02","guid":{"rendered":"http:\/\/www.immobilien-schreiber.com\/2021\/?page_id=17"},"modified":"2022-11-30T15:34:12","modified_gmt":"2022-11-30T15:34:12","slug":"ueber-uns","status":"publish","type":"page","link":"https:\/\/www.immobilien-schreiber.com\/2021\/immobilienmakler-krefeld\/ueber-uns\/","title":{"rendered":"\u00dcber Uns (Immobilienmakler)"},"content":{"rendered":"<div class=\"flex_column av_three_fifth  flex_column_div av-zero-column-padding first  avia-builder-el-0  el_before_av_two_fifth  avia-builder-el-first  \" style='border-radius:0px; '><section class=\"av_textblock_section \"  itemscope=\"itemscope\" itemtype=\"https:\/\/schema.org\/CreativeWork\" ><div class='avia_textblock  '   itemprop=\"text\" ><h1 class=\"entry-title\">\u00dcber Uns<\/h1>\n<\/div><\/section><br \/>\n<section class=\"av_textblock_section \"  itemscope=\"itemscope\" itemtype=\"https:\/\/schema.org\/CreativeWork\" ><div class='avia_textblock  '   itemprop=\"text\" ><h1 class=\"entry-title\"><\/h1>\n<p>J\u00fcrgen Schreiber Immobilien ist ein modernes Makler und Sachverst\u00e4ndigenb\u00fcro , das sich auf die Bewertung, den\u00a0Verkauf und die Vermietung von Wohn- und Gewerbeimmobilien spezialisiert hat. Ganz wichtig f\u00fcr Sie als potenziellen Klienten ist, dass Sie bei uns die Kombination aus Makler und Sachverst\u00e4ndigem erhalten. Beide Themenfelder sind eng miteinander verkn\u00fcpft und erg\u00e4nzen sich beg\u00fcnstigend gegenseitig.<\/p>\n<\/div><\/section><br \/>\n<div  style='padding-bottom:10px; ' class='av-special-heading av-special-heading-h2    avia-builder-el-3  el_after_av_textblock  el_before_av_textblock  '><h2 class='av-special-heading-tag '  itemprop=\"headline\"  >Immobilienvermittlung mit Erfahrung und Professionalit\u00e4t<\/h2><div class='special-heading-border'><div class='special-heading-inner-border' ><\/div><\/div><\/div><br \/>\n<section class=\"av_textblock_section \"  itemscope=\"itemscope\" itemtype=\"https:\/\/schema.org\/CreativeWork\" ><div class='avia_textblock  '   itemprop=\"text\" ><h1 class=\"entry-title\"><\/h1>\n<p>Sowohl bei der Suche nach einem neuen Zuhause oder der Vermittlung Ihrer Immobilien sind Vertrauen in die n\u00f6tige Erfahrung und die Professionalit\u00e4t Ihres Maklers ma\u00dfgebende Faktoren bei J\u00fcrgen Schreiber Immobilien aus Krefeld f\u00fcr eine zielf\u00fchrende Kooperation.<\/p>\n<\/div><\/section><br \/>\n<div  style='padding-bottom:10px; ' class='av-special-heading av-special-heading-h2    avia-builder-el-5  el_after_av_textblock  el_before_av_textblock  '><h2 class='av-special-heading-tag '  itemprop=\"headline\"  >Immobilienvermittlung ist pers\u00f6nlich<\/h2><div class='special-heading-border'><div class='special-heading-inner-border' ><\/div><\/div><\/div><br \/>\n<section class=\"av_textblock_section \"  itemscope=\"itemscope\" itemtype=\"https:\/\/schema.org\/CreativeWork\" ><div class='avia_textblock  '   itemprop=\"text\" ><h1 class=\"entry-title\"><\/h1>\n<p>Pers\u00f6nliche Beratung bei Verkauf und Vermietung, aber auch bei Ankauf und Anmietung, bis hin zur Mietvertragsgestaltung und Wohnungs\u00fcbergabe ist f\u00fcr uns als Makler\u00a0selbstverst\u00e4ndlich. Profitieren Sie von unserem professionellen Service!<\/p>\n<\/div><\/section><\/p><\/div>\n<div class=\"flex_column av_two_fifth  flex_column_div av-zero-column-padding   avia-builder-el-7  el_after_av_three_fifth  el_before_av_section  avia-builder-el-last  \" style='border-radius:0px; '><div  class='avia-image-container  av-styling-    avia-builder-el-8  avia-builder-el-no-sibling  avia-align-center '  itemprop=\"image\" itemscope=\"itemscope\" itemtype=\"https:\/\/schema.org\/ImageObject\"  ><div class='avia-image-container-inner'><div class='avia-image-overlay-wrap'><img decoding=\"async\" class='wp-image-2200 avia-img-lazy-loading-not-2200 avia_image' src=\"https:\/\/www.immobilien-schreiber.com\/2021\/wp-content\/uploads\/2021\/02\/image-157479-b_1000px_fotografin-stephanie-scharschmidt.jpg\" alt='Immobilienmakler Krefeld' title='Immobilienmakler Krefeld' height=\"1500\" width=\"1000\"  itemprop=\"thumbnailUrl\" srcset=\"https:\/\/www.immobilien-schreiber.com\/2021\/wp-content\/uploads\/2021\/02\/image-157479-b_1000px_fotografin-stephanie-scharschmidt.jpg 1000w, https:\/\/www.immobilien-schreiber.com\/2021\/wp-content\/uploads\/2021\/02\/image-157479-b_1000px_fotografin-stephanie-scharschmidt-200x300.jpg 200w, https:\/\/www.immobilien-schreiber.com\/2021\/wp-content\/uploads\/2021\/02\/image-157479-b_1000px_fotografin-stephanie-scharschmidt-687x1030.jpg 687w, https:\/\/www.immobilien-schreiber.com\/2021\/wp-content\/uploads\/2021\/02\/image-157479-b_1000px_fotografin-stephanie-scharschmidt-768x1152.jpg 768w, https:\/\/www.immobilien-schreiber.com\/2021\/wp-content\/uploads\/2021\/02\/image-157479-b_1000px_fotografin-stephanie-scharschmidt-470x705.jpg 470w\" sizes=\"(max-width: 1000px) 100vw, 1000px\" \/><\/div><\/div><\/div><\/div>\n<\/div><\/div><\/div><!-- close content main div --><\/div><\/div><div id='av_section_1'  class='avia-section main_color avia-section-no-padding avia-no-border-styling  avia-bg-style-scroll  avia-builder-el-9  el_after_av_two_fifth  el_before_av_three_fifth   container_wrap sidebar_right' style='background-color: #19459d;  '  ><div class='container' ><div class='template-page content  av-content-small alpha units'><div class='post-entry post-entry-type-page post-entry-17'><div class='entry-content-wrapper clearfix'>\n<section class=\"av_textblock_section \"  itemscope=\"itemscope\" itemtype=\"https:\/\/schema.org\/CreativeWork\" ><div class='avia_textblock  av_inherit_color '  style='font-size:30px; color:#ffffff; '  itemprop=\"text\" ><p style=\"text-align: center;\">\u2013 Unsere Kompetenz, Ihre Sicherheit \u2013<\/p>\n<\/div><\/section>\n<\/div><\/div><\/div><!-- close content main div --><\/div><\/div><div id='after_section_1'  class='main_color av_default_container_wrap container_wrap sidebar_right' style=' '  ><div class='container' ><div class='template-page content  av-content-small alpha units'><div class='post-entry post-entry-type-page post-entry-17'><div class='entry-content-wrapper clearfix'>\n<div class=\"flex_column av_three_fifth  flex_column_div av-zero-column-padding first  avia-builder-el-11  el_after_av_section  el_before_av_two_fifth  avia-builder-el-first  \" style='border-radius:0px; '><p><div  style='padding-bottom:10px; ' class='av-special-heading av-special-heading-h2    avia-builder-el-12  el_before_av_textblock  avia-builder-el-first  '><h2 class='av-special-heading-tag '  itemprop=\"headline\"  >Vertrauen Sie auf unsere Expertise<\/h2><div class='special-heading-border'><div class='special-heading-inner-border' ><\/div><\/div><\/div><br \/>\n<section class=\"av_textblock_section \"  itemscope=\"itemscope\" itemtype=\"https:\/\/schema.org\/CreativeWork\" ><div class='avia_textblock  '   itemprop=\"text\" ><h1 class=\"entry-title\"><\/h1>\n<p>Unsere Spezialkenntnisse im Bereich Immobilienbewertung bedeuten f\u00fcr Sie ein weiteres Plus an Sicherheit. Dort hinein spielt nicht zuletzt auch die hohe Kompetenz in Sachen Immobilienbewertung, von der unsere Immobilienvermittlung, wie letztlich auch Sie als Klienten von J\u00fcrgen Schreiber Immobilien profitieren.<\/p>\n<p>Unser Ziel ist es, verantwortungsvoll- und vertrauensvoll zu handeln, um das bestm\u00f6gliche Resultat f\u00fcr Sie zu erzielen. Wir freuen uns dazu auf den n\u00e4chsten Schritt, und zwar Sie pers\u00f6nlich kennenzulernen und ein ma\u00dfgeschneidertes Angebot f\u00fcr Sie zu erstellen.<\/p>\n<p>Ihr Team von J\u00fcrgen Schreiber Immobilien<\/p>\n<p><strong>\u2013 Immobilienmakler Krefeld, Neukirchen-Vluyn, Kamp-Lintfort, Rheinberg, Moers, Duisburg\u00a0\u2013<\/strong><\/p>\n<\/div><\/section><\/p><\/div>\n<div class=\"flex_column av_two_fifth  flex_column_div av-zero-column-padding   avia-builder-el-14  el_after_av_three_fifth  el_before_av_section  avia-builder-el-last  \" style='border-radius:0px; '><p><div  style='padding-bottom:10px; ' class='av-special-heading av-special-heading-h2    avia-builder-el-15  el_before_av_textblock  avia-builder-el-first  '><h2 class='av-special-heading-tag '  itemprop=\"headline\"  >Wir sind Immobiliengutachter und Energie Wert-Experte<\/h2><div class='special-heading-border'><div class='special-heading-inner-border' ><\/div><\/div><\/div><br \/>\n<section class=\"av_textblock_section \"  itemscope=\"itemscope\" itemtype=\"https:\/\/schema.org\/CreativeWork\" ><div class='avia_textblock  '   itemprop=\"text\" ><h1 class=\"entry-title\"><\/h1>\n<p>Gest\u00fctzt wird unsere Arbeit als Immobilienmakler Moers, Krefeld, Neukirchen-Vluyn, Kamp-Lintfort, Rheinberg und Duisburg durch regionale Marktkenntnisse, fundierte Berufsausbildung und regelm\u00e4\u00dfige Weiterbildung im Bereich Verkauf und Vermietung von Immobilien. Wir sind gepr\u00fcfter Immobiliengutachter und Energie Wert-Experte.<\/p>\n<\/div><\/section><br \/>\n<div id='av-masonry-1' class='av-masonry  noHover av-flex-size av-large-gap av-hover-overlay- av-masonry-animation- av-masonry-col-2 av-caption-always av-caption-style- av-masonry-gallery     '  ><div class='av-masonry-container isotope av-js-disabled ' ><div class='av-masonry-entry isotope-item av-masonry-item-no-image '><\/div><a href=\"https:\/\/www.immobilien-schreiber.com\/2021\/wp-content\/uploads\/2021\/02\/kompetenzlogo.png\"  aria-label=\"image Immobilienmakler Krefeld\"  id='av-masonry-1-item-3268' data-av-masonry-item='3268' class='av-masonry-entry isotope-item post-3268 attachment type-attachment status-inherit hentry  av-masonry-item-with-image' title=\"Immobilienmakler Krefeld\" alt=\"Immobilienmakler Krefeld\"   itemprop=\"thumbnailUrl\" ><div class='av-inner-masonry-sizer'><\/div><figure class='av-inner-masonry main_color'><div class=\"av-masonry-outerimage-container\"><div class=\"av-masonry-image-container\" ><img decoding=\"async\" width=\"224\" height=\"224\" class=\"wp-image-3268 avia-img-lazy-loading-not-3268\"  src=\"https:\/\/www.immobilien-schreiber.com\/2021\/wp-content\/uploads\/2021\/02\/kompetenzlogo.png\" title=\"Immobilienmakler Krefeld\" alt=\"Immobilienmakler Krefeld\" srcset=\"https:\/\/www.immobilien-schreiber.com\/2021\/wp-content\/uploads\/2021\/02\/kompetenzlogo.png 224w, https:\/\/www.immobilien-schreiber.com\/2021\/wp-content\/uploads\/2021\/02\/kompetenzlogo-80x80.png 80w, https:\/\/www.immobilien-schreiber.com\/2021\/wp-content\/uploads\/2021\/02\/kompetenzlogo-36x36.png 36w, https:\/\/www.immobilien-schreiber.com\/2021\/wp-content\/uploads\/2021\/02\/kompetenzlogo-180x180.png 180w\" sizes=\"(max-width: 224px) 100vw, 224px\" \/><\/div><\/div><\/figure><\/a><!--end av-masonry entry--><a href=\"https:\/\/www.immobilien-schreiber.com\/2021\/wp-content\/uploads\/2021\/03\/3D-Txt-ohne.png\"  aria-label=\"image Immobilienmakler Krefeld\"  id='av-masonry-1-item-3752' data-av-masonry-item='3752' class='av-masonry-entry isotope-item post-3752 attachment type-attachment status-inherit hentry  av-masonry-item-with-image' title=\"Immobilienmakler Krefeld\" alt=\"Immobilienmakler Krefeld\"   itemprop=\"thumbnailUrl\" ><div class='av-inner-masonry-sizer'><\/div><figure class='av-inner-masonry main_color'><div class=\"av-masonry-outerimage-container\"><div class=\"av-masonry-image-container\" ><img decoding=\"async\" width=\"236\" height=\"236\" class=\"wp-image-3752 avia-img-lazy-loading-not-3752\"  src=\"https:\/\/www.immobilien-schreiber.com\/2021\/wp-content\/uploads\/2021\/03\/3D-Txt-ohne.png\" title=\"Immobilienmakler Krefeld\" alt=\"Immobilienmakler Krefeld\" srcset=\"https:\/\/www.immobilien-schreiber.com\/2021\/wp-content\/uploads\/2021\/03\/3D-Txt-ohne.png 236w, https:\/\/www.immobilien-schreiber.com\/2021\/wp-content\/uploads\/2021\/03\/3D-Txt-ohne-80x80.png 80w, https:\/\/www.immobilien-schreiber.com\/2021\/wp-content\/uploads\/2021\/03\/3D-Txt-ohne-36x36.png 36w, https:\/\/www.immobilien-schreiber.com\/2021\/wp-content\/uploads\/2021\/03\/3D-Txt-ohne-180x180.png 180w\" sizes=\"(max-width: 236px) 100vw, 236px\" \/><\/div><\/div><\/figure><\/a><!--end av-masonry entry--><\/div><\/div><\/p><\/div>\n<\/div><\/div><\/div><!-- close content main div --><\/div><\/div><div id='av_section_2'  class='avia-section main_color avia-section-no-padding avia-no-border-styling  avia-bg-style-scroll  avia-builder-el-18  el_after_av_two_fifth  el_before_av_one_third   container_wrap sidebar_right' style='background-color: #19459d;  '  ><div class='container' ><div class='template-page content  av-content-small alpha units'><div class='post-entry post-entry-type-page post-entry-17'><div class='entry-content-wrapper clearfix'>\n<section class=\"av_textblock_section \"  itemscope=\"itemscope\" itemtype=\"https:\/\/schema.org\/CreativeWork\" ><div class='avia_textblock  av_inherit_color '  style='font-size:30px; color:#ffffff; '  itemprop=\"text\" ><p style=\"text-align: center;\">Qualit\u00e4t der man vertrauen kann<\/p>\n<\/div><\/section>\n<\/div><\/div><\/div><!-- close content main div --><\/div><\/div><div id='after_section_2'  class='main_color av_default_container_wrap container_wrap sidebar_right' style=' '  ><div class='container' ><div class='template-page content  av-content-small alpha units'><div class='post-entry post-entry-type-page post-entry-17'><div class='entry-content-wrapper clearfix'><div class=\"flex_column av_one_third  flex_column_div av-zero-column-padding first  avia-builder-el-20  el_after_av_section  el_before_av_one_third  avia-builder-el-first  \" style='border-radius:0px; '><div  class='avia-image-container  av-styling-    avia-builder-el-21  avia-builder-el-no-sibling  avia-align-center '  itemprop=\"image\" itemscope=\"itemscope\" itemtype=\"https:\/\/schema.org\/ImageObject\"  ><div class='avia-image-container-inner'><div class='avia-image-overlay-wrap'><img decoding=\"async\" class='wp-image-3981 avia-img-lazy-loading-not-3981 avia_image' src=\"https:\/\/www.immobilien-schreiber.com\/2021\/wp-content\/uploads\/2021\/03\/scan0002-724x1030.jpg\" alt='Immobilienmakler Krefeld' title='Immobilienmakler Krefeld' height=\"1030\" width=\"724\"  itemprop=\"thumbnailUrl\" srcset=\"https:\/\/www.immobilien-schreiber.com\/2021\/wp-content\/uploads\/2021\/03\/scan0002-724x1030.jpg 724w, https:\/\/www.immobilien-schreiber.com\/2021\/wp-content\/uploads\/2021\/03\/scan0002-211x300.jpg 211w, https:\/\/www.immobilien-schreiber.com\/2021\/wp-content\/uploads\/2021\/03\/scan0002-768x1092.jpg 768w, https:\/\/www.immobilien-schreiber.com\/2021\/wp-content\/uploads\/2021\/03\/scan0002-1080x1536.jpg 1080w, https:\/\/www.immobilien-schreiber.com\/2021\/wp-content\/uploads\/2021\/03\/scan0002-1440x2048.jpg 1440w, https:\/\/www.immobilien-schreiber.com\/2021\/wp-content\/uploads\/2021\/03\/scan0002-1055x1500.jpg 1055w, https:\/\/www.immobilien-schreiber.com\/2021\/wp-content\/uploads\/2021\/03\/scan0002-496x705.jpg 496w, https:\/\/www.immobilien-schreiber.com\/2021\/wp-content\/uploads\/2021\/03\/scan0002-scaled.jpg 1800w\" sizes=\"(max-width: 724px) 100vw, 724px\" \/><\/div><\/div><\/div><\/div><\/p>\n<div class=\"flex_column av_one_third  flex_column_div av-zero-column-padding   avia-builder-el-22  el_after_av_one_third  el_before_av_one_third  \" style='border-radius:0px; '><div  class='avia-image-container  av-styling-    avia-builder-el-23  avia-builder-el-no-sibling  avia-align-center '  itemprop=\"image\" itemscope=\"itemscope\" itemtype=\"https:\/\/schema.org\/ImageObject\"  ><div class='avia-image-container-inner'><div class='avia-image-overlay-wrap'><img decoding=\"async\" class='wp-image-3980 avia-img-lazy-loading-not-3980 avia_image' src=\"https:\/\/www.immobilien-schreiber.com\/2021\/wp-content\/uploads\/2021\/03\/scan0001-761x1030.jpg\" alt='Immobilienmakler Krefeld' title='Immobilienmakler Krefeld' height=\"1030\" width=\"761\"  itemprop=\"thumbnailUrl\" srcset=\"https:\/\/www.immobilien-schreiber.com\/2021\/wp-content\/uploads\/2021\/03\/scan0001-761x1030.jpg 761w, https:\/\/www.immobilien-schreiber.com\/2021\/wp-content\/uploads\/2021\/03\/scan0001-222x300.jpg 222w, https:\/\/www.immobilien-schreiber.com\/2021\/wp-content\/uploads\/2021\/03\/scan0001-768x1039.jpg 768w, https:\/\/www.immobilien-schreiber.com\/2021\/wp-content\/uploads\/2021\/03\/scan0001-1135x1536.jpg 1135w, https:\/\/www.immobilien-schreiber.com\/2021\/wp-content\/uploads\/2021\/03\/scan0001-1514x2048.jpg 1514w, https:\/\/www.immobilien-schreiber.com\/2021\/wp-content\/uploads\/2021\/03\/scan0001-1109x1500.jpg 1109w, https:\/\/www.immobilien-schreiber.com\/2021\/wp-content\/uploads\/2021\/03\/scan0001-521x705.jpg 521w, https:\/\/www.immobilien-schreiber.com\/2021\/wp-content\/uploads\/2021\/03\/scan0001-scaled.jpg 1892w\" sizes=\"(max-width: 761px) 100vw, 761px\" \/><\/div><\/div><\/div><\/div>\n<div class=\"flex_column av_one_third  flex_column_div av-zero-column-padding   avia-builder-el-24  el_after_av_one_third  avia-builder-el-last  \" style='border-radius:0px; '><div  class='avia-image-container  av-styling-    avia-builder-el-25  avia-builder-el-no-sibling  avia-align-center '  itemprop=\"image\" itemscope=\"itemscope\" itemtype=\"https:\/\/schema.org\/ImageObject\"  ><div class='avia-image-container-inner'><div class='avia-image-overlay-wrap'><img decoding=\"async\" class='wp-image-3979 avia-img-lazy-loading-not-3979 avia_image' src=\"https:\/\/www.immobilien-schreiber.com\/2021\/wp-content\/uploads\/2021\/03\/scan-724x1030.jpg\" alt='Immobilienmakler Krefeld' title='Immobilienmakler Krefeld' height=\"1030\" width=\"724\"  itemprop=\"thumbnailUrl\" srcset=\"https:\/\/www.immobilien-schreiber.com\/2021\/wp-content\/uploads\/2021\/03\/scan-724x1030.jpg 724w, https:\/\/www.immobilien-schreiber.com\/2021\/wp-content\/uploads\/2021\/03\/scan-211x300.jpg 211w, https:\/\/www.immobilien-schreiber.com\/2021\/wp-content\/uploads\/2021\/03\/scan-768x1092.jpg 768w, https:\/\/www.immobilien-schreiber.com\/2021\/wp-content\/uploads\/2021\/03\/scan-1080x1536.jpg 1080w, https:\/\/www.immobilien-schreiber.com\/2021\/wp-content\/uploads\/2021\/03\/scan-1440x2048.jpg 1440w, https:\/\/www.immobilien-schreiber.com\/2021\/wp-content\/uploads\/2021\/03\/scan-1055x1500.jpg 1055w, https:\/\/www.immobilien-schreiber.com\/2021\/wp-content\/uploads\/2021\/03\/scan-496x705.jpg 496w, https:\/\/www.immobilien-schreiber.com\/2021\/wp-content\/uploads\/2021\/03\/scan-scaled.jpg 1800w\" sizes=\"(max-width: 724px) 100vw, 724px\" \/><\/div><\/div><\/div><\/div>\n","protected":false},"excerpt":{"rendered":"","protected":false},"author":1,"featured_media":0,"parent":14,"menu_order":0,"comment_status":"closed","ping_status":"closed","template":"","meta":{"footnotes":""},"class_list":["post-17","page","type-page","status-publish","hentry"],"yoast_head":"<!-- This site is optimized with the Yoast SEO plugin v25.7 - https:\/\/yoast.com\/wordpress\/plugins\/seo\/ -->\n<title>\u00dcber Uns (Immobilienmakler) - J\u00fcrgen Schreiber Immobilien (2021)<\/title>\n<meta name=\"robots\" content=\"index, follow, max-snippet:-1, max-image-preview:large, max-video-preview:-1\" \/>\n<link rel=\"canonical\" href=\"https:\/\/www.immobilien-schreiber.com\/2021\/immobilienmakler-krefeld\/ueber-uns\/\" \/>\n<meta property=\"og:locale\" content=\"de_DE\" \/>\n<meta property=\"og:type\" content=\"article\" \/>\n<meta property=\"og:title\" content=\"\u00dcber Uns (Immobilienmakler) - J\u00fcrgen Schreiber Immobilien (2021)\" \/>\n<meta property=\"og:url\" content=\"https:\/\/www.immobilien-schreiber.com\/2021\/immobilienmakler-krefeld\/ueber-uns\/\" \/>\n<meta property=\"og:site_name\" content=\"J\u00fcrgen Schreiber Immobilien (2021)\" \/>\n<meta property=\"article:modified_time\" content=\"2022-11-30T15:34:12+00:00\" \/>\n<meta name=\"twitter:card\" content=\"summary_large_image\" \/>\n<script type=\"application\/ld+json\" class=\"yoast-schema-graph\">{\"@context\":\"https:\/\/schema.org\",\"@graph\":[{\"@type\":\"WebPage\",\"@id\":\"https:\/\/www.immobilien-schreiber.com\/2021\/immobilienmakler-krefeld\/ueber-uns\/\",\"url\":\"https:\/\/www.immobilien-schreiber.com\/2021\/immobilienmakler-krefeld\/ueber-uns\/\",\"name\":\"\u00dcber Uns (Immobilienmakler) - J\u00fcrgen Schreiber Immobilien (2021)\",\"isPartOf\":{\"@id\":\"https:\/\/www.immobilien-schreiber.com\/2021\/#website\"},\"datePublished\":\"2021-02-09T13:17:02+00:00\",\"dateModified\":\"2022-11-30T15:34:12+00:00\",\"breadcrumb\":{\"@id\":\"https:\/\/www.immobilien-schreiber.com\/2021\/immobilienmakler-krefeld\/ueber-uns\/#breadcrumb\"},\"inLanguage\":\"de\",\"potentialAction\":[{\"@type\":\"ReadAction\",\"target\":[\"https:\/\/www.immobilien-schreiber.com\/2021\/immobilienmakler-krefeld\/ueber-uns\/\"]}]},{\"@type\":\"BreadcrumbList\",\"@id\":\"https:\/\/www.immobilien-schreiber.com\/2021\/immobilienmakler-krefeld\/ueber-uns\/#breadcrumb\",\"itemListElement\":[{\"@type\":\"ListItem\",\"position\":1,\"name\":\"Startseite\",\"item\":\"https:\/\/www.immobilien-schreiber.com\/2021\/immobilienmakler-krefeld\/\"},{\"@type\":\"ListItem\",\"position\":2,\"name\":\"Im\u00admo\u00adbi\u00adli\u00aden\u00admak\u00adler Krefeld (Startseite)\",\"item\":\"https:\/\/www.immobilien-schreiber.com\/2021\/immobilienmakler-krefeld\/\"},{\"@type\":\"ListItem\",\"position\":3,\"name\":\"\u00dcber Uns (Immobilienmakler)\"}]},{\"@type\":\"WebSite\",\"@id\":\"https:\/\/www.immobilien-schreiber.com\/2021\/#website\",\"url\":\"https:\/\/www.immobilien-schreiber.com\/2021\/\",\"name\":\"J\u00fcrgen Schreiber Immobilien (2021)\",\"description\":\"Unsere Kompetenz, Ihre Sicherheit\",\"publisher\":{\"@id\":\"https:\/\/www.immobilien-schreiber.com\/2021\/#organization\"},\"potentialAction\":[{\"@type\":\"SearchAction\",\"target\":{\"@type\":\"EntryPoint\",\"urlTemplate\":\"https:\/\/www.immobilien-schreiber.com\/2021\/?s={search_term_string}\"},\"query-input\":{\"@type\":\"PropertyValueSpecification\",\"valueRequired\":true,\"valueName\":\"search_term_string\"}}],\"inLanguage\":\"de\"},{\"@type\":\"Organization\",\"@id\":\"https:\/\/www.immobilien-schreiber.com\/2021\/#organization\",\"name\":\"J\u00fcrgen Schreiber Immobilien (2021)\",\"url\":\"https:\/\/www.immobilien-schreiber.com\/2021\/\",\"logo\":{\"@type\":\"ImageObject\",\"inLanguage\":\"de\",\"@id\":\"https:\/\/www.immobilien-schreiber.com\/2021\/#\/schema\/logo\/image\/\",\"url\":\"https:\/\/www.immobilien-schreiber.com\/2021\/wp-content\/uploads\/2021\/02\/RZ_LOGO_Juergen-Schreiber-Imobilien-Logo_ertellt-von-kreativWerbung-eu_11-8-2014_RZ-scaled.jpg\",\"contentUrl\":\"https:\/\/www.immobilien-schreiber.com\/2021\/wp-content\/uploads\/2021\/02\/RZ_LOGO_Juergen-Schreiber-Imobilien-Logo_ertellt-von-kreativWerbung-eu_11-8-2014_RZ-scaled.jpg\",\"width\":2560,\"height\":1137,\"caption\":\"J\u00fcrgen Schreiber Immobilien (2021)\"},\"image\":{\"@id\":\"https:\/\/www.immobilien-schreiber.com\/2021\/#\/schema\/logo\/image\/\"}}]}<\/script>\n<!-- \/ Yoast SEO plugin. -->","yoast_head_json":{"title":"\u00dcber Uns (Immobilienmakler) - J\u00fcrgen Schreiber Immobilien (2021)","robots":{"index":"index","follow":"follow","max-snippet":"max-snippet:-1","max-image-preview":"max-image-preview:large","max-video-preview":"max-video-preview:-1"},"canonical":"https:\/\/www.immobilien-schreiber.com\/2021\/immobilienmakler-krefeld\/ueber-uns\/","og_locale":"de_DE","og_type":"article","og_title":"\u00dcber Uns (Immobilienmakler) - J\u00fcrgen Schreiber Immobilien (2021)","og_url":"https:\/\/www.immobilien-schreiber.com\/2021\/immobilienmakler-krefeld\/ueber-uns\/","og_site_name":"J\u00fcrgen Schreiber Immobilien (2021)","article_modified_time":"2022-11-30T15:34:12+00:00","twitter_card":"summary_large_image","schema":{"@context":"https:\/\/schema.org","@graph":[{"@type":"WebPage","@id":"https:\/\/www.immobilien-schreiber.com\/2021\/immobilienmakler-krefeld\/ueber-uns\/","url":"https:\/\/www.immobilien-schreiber.com\/2021\/immobilienmakler-krefeld\/ueber-uns\/","name":"\u00dcber Uns (Immobilienmakler) - J\u00fcrgen Schreiber Immobilien (2021)","isPartOf":{"@id":"https:\/\/www.immobilien-schreiber.com\/2021\/#website"},"datePublished":"2021-02-09T13:17:02+00:00","dateModified":"2022-11-30T15:34:12+00:00","breadcrumb":{"@id":"https:\/\/www.immobilien-schreiber.com\/2021\/immobilienmakler-krefeld\/ueber-uns\/#breadcrumb"},"inLanguage":"de","potentialAction":[{"@type":"ReadAction","target":["https:\/\/www.immobilien-schreiber.com\/2021\/immobilienmakler-krefeld\/ueber-uns\/"]}]},{"@type":"BreadcrumbList","@id":"https:\/\/www.immobilien-schreiber.com\/2021\/immobilienmakler-krefeld\/ueber-uns\/#breadcrumb","itemListElement":[{"@type":"ListItem","position":1,"name":"Startseite","item":"https:\/\/www.immobilien-schreiber.com\/2021\/immobilienmakler-krefeld\/"},{"@type":"ListItem","position":2,"name":"Im\u00admo\u00adbi\u00adli\u00aden\u00admak\u00adler Krefeld (Startseite)","item":"https:\/\/www.immobilien-schreiber.com\/2021\/immobilienmakler-krefeld\/"},{"@type":"ListItem","position":3,"name":"\u00dcber Uns (Immobilienmakler)"}]},{"@type":"WebSite","@id":"https:\/\/www.immobilien-schreiber.com\/2021\/#website","url":"https:\/\/www.immobilien-schreiber.com\/2021\/","name":"J\u00fcrgen Schreiber Immobilien (2021)","description":"Unsere Kompetenz, Ihre Sicherheit","publisher":{"@id":"https:\/\/www.immobilien-schreiber.com\/2021\/#organization"},"potentialAction":[{"@type":"SearchAction","target":{"@type":"EntryPoint","urlTemplate":"https:\/\/www.immobilien-schreiber.com\/2021\/?s={search_term_string}"},"query-input":{"@type":"PropertyValueSpecification","valueRequired":true,"valueName":"search_term_string"}}],"inLanguage":"de"},{"@type":"Organization","@id":"https:\/\/www.immobilien-schreiber.com\/2021\/#organization","name":"J\u00fcrgen Schreiber Immobilien (2021)","url":"https:\/\/www.immobilien-schreiber.com\/2021\/","logo":{"@type":"ImageObject","inLanguage":"de","@id":"https:\/\/www.immobilien-schreiber.com\/2021\/#\/schema\/logo\/image\/","url":"https:\/\/www.immobilien-schreiber.com\/2021\/wp-content\/uploads\/2021\/02\/RZ_LOGO_Juergen-Schreiber-Imobilien-Logo_ertellt-von-kreativWerbung-eu_11-8-2014_RZ-scaled.jpg","contentUrl":"https:\/\/www.immobilien-schreiber.com\/2021\/wp-content\/uploads\/2021\/02\/RZ_LOGO_Juergen-Schreiber-Imobilien-Logo_ertellt-von-kreativWerbung-eu_11-8-2014_RZ-scaled.jpg","width":2560,"height":1137,"caption":"J\u00fcrgen Schreiber Immobilien (2021)"},"image":{"@id":"https:\/\/www.immobilien-schreiber.com\/2021\/#\/schema\/logo\/image\/"}}]}},"_links":{"self":[{"href":"https:\/\/www.immobilien-schreiber.com\/2021\/wp-json\/wp\/v2\/pages\/17","targetHints":{"allow":["GET"]}}],"collection":[{"href":"https:\/\/www.immobilien-schreiber.com\/2021\/wp-json\/wp\/v2\/pages"}],"about":[{"href":"https:\/\/www.immobilien-schreiber.com\/2021\/wp-json\/wp\/v2\/types\/page"}],"author":[{"embeddable":true,"href":"https:\/\/www.immobilien-schreiber.com\/2021\/wp-json\/wp\/v2\/users\/1"}],"replies":[{"embeddable":true,"href":"https:\/\/www.immobilien-schreiber.com\/2021\/wp-json\/wp\/v2\/comments?post=17"}],"version-history":[{"count":23,"href":"https:\/\/www.immobilien-schreiber.com\/2021\/wp-json\/wp\/v2\/pages\/17\/revisions"}],"predecessor-version":[{"id":5999,"href":"https:\/\/www.immobilien-schreiber.com\/2021\/wp-json\/wp\/v2\/pages\/17\/revisions\/5999"}],"up":[{"embeddable":true,"href":"https:\/\/www.immobilien-schreiber.com\/2021\/wp-json\/wp\/v2\/pages\/14"}],"wp:attachment":[{"href":"https:\/\/www.immobilien-schreiber.com\/2021\/wp-json\/wp\/v2\/media?parent=17"}],"curies":[{"name":"wp","href":"https:\/\/api.w.org\/{rel}","templated":true}]}}